2).
6
Let d(p) be the first derivative of p**4/4 - p**3 - p**2/2 - 5*p + 1. Suppose -4*q = -20, -3*l + 0*l - 5*q = -19. Let w be 3 + (1 - -2) + l. Give d(w).
7
Let g be 3/(-5) + (-384)/(-40). Let k be 92/6 + 6/g. Suppose -4*w + k = -3*a, -a = 4*a. Let n(s) = s**2 - 2*s - 2. What is n(w)?
6
Suppose 4*d = 10 + 2. Let k = 2 - d. Let c(h) be the first derivative of 7*h**2/2 - h - 7. Determine c(k).
-8
Let f(r) = -2*r - 1. Suppose 3*j = j - 8. Let h be (-2)/(-1 - 0) + 0. Let p = j + h. Give f(p).
3
Suppose 4*v + 12 = 3*v + 2*g, 12 = -4*v - g. Let s(m) = 6*m - 5. What is s(v)?
-29
Let a(h) = h**3 - 6*h**2 + 4*h - 1. Let w(c) = -c + 13. Let f be w(8). Determine a(f).
-6
Let v(t) be the first derivative of -t**3/3 + t**2 - t + 3. Let o(l) be the first derivative of v(l). Give o(-3).
8
Let h(a) be the first derivative of 4*a**3/3 + a**2/2 - 3*a + 2. Let g(c) be the first derivative of h(c). Calculate g(-1).
-7
Let b(s) be the first derivative of -s**5/60 + s**4/24 + s**3/3 + s**2/2 - 2. Let q(p) be the second derivative of b(p). What is q(0)?
2
Let z(w) = -w**2 + w + 7. Suppose 4*o = 7*o. What is z(o)?
7
Suppose 0 = 3*z + z + 8. Let x(w) = -2*w**3 - 2*w**2 + 3*w + 2. Give x(z).
4
Let x(k) = -6 - 1 + k + k - 4. Calculate x(9).
7
Let x(a) = a**2 - a + 1. Let w(z) = -5*z**2 + 9*z - 5. Let u(k) = w(k) + 4*x(k). Determine u(5).
-1
Let y(u) = 6*u + 0 - u**2 + 0*u**2 + 3. Suppose -8*x = -6*x - 12. Give y(x).
3
Let q(i) = i**2 - i - 4. Suppose -g - 3 = g - n, -4*g = -5*n + 15. Suppose g = 8*d - 4*d - 4. Let p be (d/3)/((-1)/(-12)). Give q(p).
8
Let c = -13 - -17. Suppose 6*i = c*i. Let y(r) be the third derivative of r**6/120 - r**5/60 - r**4/24 - 2*r**3/3 - r**2. Calculate y(i).
-4
Let b(z) = z**3 - 8*z**2 - 9*z - 3. Let j be b(9). Let s(q) = -4*q**2 - 7*q + 2. Let w(f) = 7*f**2 + 14*f - 5. Let d(g) = j*w(g) - 5*s(g). Give d(-7).
5
Let g be (-51)/(-7) - (-2)/(-7). Suppose -3 = -5*f + g. Let a(s) = -s**2 + 4*s - 3. Give a(f).
1
Let s(u) = -2*u + 2. Let f = -57 + 114. Let i be f/15 - 2/(-10). What is s(i)?
-6
Let s be (-3 - -10)*(-4)/(-28). Let p(m) = 4*m + 1. Determine p(s).
5
Let s(r) = r + 7. Suppose -5*o = -0*o + 5. Let f(w) be the third derivative of w**3/6 + 2*w**2. Let t(x) = o*f(x) + s(x). Determine t(-5).
1
Let u(p) = p - 1 - 5*p**2 + 1. Suppose 4*b - 10 + 29 = -m, -5*m - b = 0. Let a be (m/(-4))/((-4)/(-16)). Calculate u(a).
-6
Let b(t) = -3*t**2 - 5*t - 1. Let h(s) = 2*s**2 + 3*s. Let l(n) = 3*b(n) + 5*h(n). Let k = 8 - 8. Give l(k).
-3
Let w(r) = r**3 + 3*r**2 - 4*r - 2. Let a be w(-4). Let y be 1 - -2 - a/(-2). Suppose i - y = 1. Let k(b) = 3*b - 2. Calculate k(i).
7
Let u(s) = -3*s**3 - 7*s**2 + 23*s - 1. Let z(q) = -q**3 - 2*q**2 + 8*q. Let f(l) = -3*u(l) + 8*z(l). What is f(-6)?
-3
Let m(q) be the second derivative of -q**4/12 + q**3/2 + 12*q. What is m(3)?
0
Let y = -26 - -30. Let o(m) be the first derivative of -m**2 + 2*m + 1 + m**3 - 1/4*m**y. Calculate o(2).
2
Suppose -3*z + 4*t = -0*t - 17, t + 11 = 3*z. Let l(s) = -2*s**2 + s - s**z - s**2 + s**2. Let o = 2 - 4. Calculate l(o).
-2
Let v(l) = 3*l**3 + 3*l - 2 - 8*l**3 + 2*l**3 - 1 + 2*l**2. What is v(2)?
-13
Let g(p) = p**2 + 5*p - 1. Suppose b + 2 = 3. Let x be -5 - (-3 - (b - 3)). Determine g(x).
-5
Let o be ((-2)/2)/(4/(-12)). Let t(s) = s - 3. Determine t(o).
0
Let f(q) = -q + 0*q + 3 + q**2 + 6*q - 2*q. Give f(-3).
3
Let l(z) = -z**2 - 5*z + 1. Suppose 3*m - 2*q = 11 + 15, -3*q - 12 = 0. Let i = -40 - m. Let f be i/10 + (-6)/15. Calculate l(f).
1
Suppose 2*g - t - 11 = 0, -t + 3*t + 2 = 0. Suppose -d + 9 = -5*r, d - 4*d = g*r - 7. Let j(y) = -y. Give j(d).
-4
Let q(a) be the third derivative of -a**6/720 + a**5/60 - a**4/8 - 3*a**2. Let c(t) be the second derivative of q(t). Give c(-4).
6
Let z(m) be the third derivative of 5/24*m**4 - 1/6*m**3 + 0*m + 0 + 7/60*m**5 + 2*m**2 + 1/120*m**6. Suppose 0*s + 30 = -5*s. Calculate z(s).
5
Suppose -4 = -5*b + h, 2*h + 2 = 4*h. Let j be b/(4 - 3)*3. Let w(o) = o + 1. What is w(j)?
4
Suppose -a = 2*a - 5*l - 13, -l - 17 = 3*a. Let x be 9/(-12) - 11/a. Let w(h) = 2*h + 3*h - 5*h + 1 - 7*h**x. Give w(-1).
-6
Suppose 0 = -c + 3. Suppose f - c*p = 19, 5*p = -29 + 4. Let u(x) = -2*x + f*x - 3*x + 6. Determine u(5).
1
Let z(u) = -4*u - 12. Let v be ((-3)/(-2))/3*2. Let r(o) = 4 + 2*o - v - o. Let y(b) = -9*r(b) - 2*z(b). Give y(-5).
2
Let t(d) = -d**2 + 8*d + 8. Let i(a) = a**3 + 18*a**2 - 18*a + 27. Let h be i(-19). What is t(h)?
8
Let d(x) = 0*x**2 + 2*x**3 + 5*x - 3 - 3*x**3 - 1 + 2*x**2. Determine d(3).
2
Let b(t) = -4*t + 4. Let u(f) be the first derivative of -f**2 + 2*f + 1. Let m(d) = -3*b(d) + 5*u(d). Calculate m(3).
4
Let n(j) = j**3 - j**2 + 2*j - 4. Let z(l) = l**2 - l. Let y(u) = n(u) + 5*z(u). Let i(r) = r**2 - 3*r - 4. Let k be i(3). What is y(k)?
8
Let p(h) = -5*h - 9. Let g(z) = -6*z - 9. Let u(k) = -6*g(k) + 7*p(k). Determine u(11).
2
Let s(w) = -3*w**3. Let x = -1 + 5. Let y = 3 - x. What is s(y)?
3
Let r(j) = j**2 - 2*j + 4. Let m(p) = -p**2 - p + 45. Let x be m(-7). Give r(x).
7
Let n(m) be the third derivative of 1/120*m**6 - 1/12*m**4 + 0 + m**2 - 1/6*m**3 - 1/30*m**5 + 0*m. Calculate n(2).
-5
Let s(a) = -a - 3. Suppose 7*l = 11*l - 3*f + 19, 3*l = 5*f - 6. Give s(l).
4
Let d(y) = 6*y - 95. Let r be d(16). Let j(s) = -8*s**3 + s**2 - s. Let x(n) = -8*n**3 + n**2 - n. Let z(p) = -6*j(p) + 7*x(p). What is z(r)?
-8
Let i(q) = -2*q + 2 + 0*q**2 - q**2 + 3 + 0*q. Give i(-4).
-3
Let q = 0 + -3. Let f(h) = -h**3 - 4*h**2 - 4*h. Give f(q).
3
Let p(q) = q**3 - 10*q**2 + 7*q - 4. Let g(h) = -2*h**3 + 22*h**2 - 15*h + 9. Let d(s) = -2*g(s) - 5*p(s). Let n(f) = -2*f - 5. Let l be n(-5). Determine d(l).
2
Let r(v) = -4*v - 4. Let z = -9 - -6. Let a(k) be the second derivative of -k**3/6 - k**2/2 - 4*k. Let c(h) = z*a(h) + r(h). Calculate c(2).
-3
Let s be (-5)/(16/(-12) + 1). Suppose q + 2*q = 3*a + 9, s = 5*q - a. Let i(u) = -2*u - 8. Let h(r) = r + 5. Let c(d) = -8*h(d) - 5*i(d). Determine c(q).
6
Suppose -5*h + 20 = 0, w + 2 = 4*h - 15. Let n(s) = -14*s + 1. What is n(w)?
15
Let r(s) = s**3 - 5*s**2 - 2*s + 5. Let v(m) = m**3 - 3*m**2 + m + 1. Let x be v(2). Let o = 5 + x. Let t be o - -1*(-2)/(-2). Determine r(t).
-5
Let b be (-5)/15 - (-57)/9. Let f(v) = -v**2 + 5*v + 7. Give f(b).
1
Let b(i) be the first derivative of -i**4/8 + 2*i**3/3 + 5*i**2/2 + 6. Let t(l) be the second derivative of b(l). Give t(3).
-5
Let j(r) = -2*r - 1 - 8*r + 8*r. Calculate j(-3).
5
Let h(f) = 13*f**3 - 2*f**2 - f. Suppose -2 + 6 = -4*a. What is h(a)?
-14
Let u(r) = -7*r**2 - 2*r - 6. Let j(a) = -20*a**2 - 6*a - 17. Let t(c) = -6*j(c) + 17*u(c). What is t(-3)?
3
Let g(u) = u + 4. Let w be g(-3). Let f(b) = 0 - b**2 + w - 6 - 6*b. Let k(y) = -5*y**2 - 31*y - 26. Let c(d) = 11*f(d) - 2*k(d). Give c(-3).
0
Let z(h) = 2*h**2 + h. Let t(a) = -3*a + 31. Let l be t(10). Determine z(l).
3
Let y be ((-4)/6)/(4/(-30)). Let z(f) = -y*f + 7*f - 2*f**2 - 4 + f**2. What is z(3)?
-7
Let z(c) = -3*c - 10*c**2 - 6 + 16*c**2 - 11*c**2. Let l(q) = q**2 + 1. Let v(b) = 4*l(b) + z(b). Suppose t + 4*t + 15 = 0. What is v(t)?
-2
Let v(x) = -x**2 - x + 1. Suppose 3*o + 17 = -16. Let d = o + 17. Suppose 0 = 4*y + 2*w - d, 9 = 5*y + 4*w - 0. What is v(y)?
-1
Suppose 5*f - 5 = 25. Let r(u) = u**3 - 5*u**2 + 5*u - 3. Let y be r(4). Let q(v) = -2 + v + y + f. Calculate q(-4).
1
Let v(n) = n**2 + n. Let t = -9 + 10. Let s(w) = -4*w - 5. Let q(h) = t*v(h) + s(h). Determine q(5).
5
Suppose 3*g = -0*l + 5*l + 29, 5*g - 31 = 4*l. Let r(u) = u. Give r(g).
3
Let z(b) be the second derivative of 0 + 5*b + 0*b**2 - 1/2*b**3. Determine z(-1).
3
Let n(d) = 6*d + 1. Let k be n(1). Let j(g) = -2*g + 8. Calculate j(k).
-6
Let l(h) = -4*h + 2. Let y = 16 - 9. Let i(m) = m - 3 - m + y*m. Let z(f) = 3*i(f) + 5*l(f). Calculate z(0).
1
Suppose -2 - 2 = 4*z. Let m(a) = -3*a - 1. Let q(t) = -5*t - 2. Let s(y) = 7*m(y) - 4*q(y). Let x(w) = 2*w - 3. Let i(h) = 6*s(h) + 2*x(h). What is i(z)?
2
Let i = 2 - -4. Suppose -d + i = 2. Suppose 4*y = -s + 13, d*s - 4*y + 2*y = 16. Let k(f) = -f**2 + 3*f + 3. What is k(s)?
-7
Let h(d) = 3*d**2 - d - 1. Suppose 0 = -3*f + 8*f + 10. Let v be 4 - 6 - (f - 2). Determine h(v).
9
Let k(v) be the first derivative of v**5/60 - v**4/12 - 5*v**3/6 + 3*v**2/2 - 6. Let h(c) be